{"id":517,"date":"2025-09-02T10:12:01","date_gmt":"2025-09-02T08:12:01","guid":{"rendered":"https:\/\/inclusive.wp.steppers.be\/?page_id=517"},"modified":"2025-11-27T08:46:07","modified_gmt":"2025-11-27T07:46:07","slug":"distributeur-darguments","status":"publish","type":"page","link":"https:\/\/inclusive-steps.be\/neerlandais\/distributeur-darguments\/","title":{"rendered":"Distributeur d&rsquo;arguments"},"content":{"rendered":"<div data-elementor-type=\"wp-page\" data-elementor-id=\"517\" class=\"elementor elementor-517\" data-elementor-post-type=\"page\">\n\t\t\t\t<div class=\"elementor-element elementor-element-1b7bafa e-con-full e-flex e-con e-parent\" data-id=\"1b7bafa\" data-element_type=\"container\" data-e-type=\"container\">\n\t\t<div class=\"elementor-element elementor-element-bcaca35 e-con-full e-flex e-con e-child\" data-id=\"bcaca35\" data-element_type=\"container\" data-e-type=\"container\">\n\t\t<div class=\"elementor-element elementor-element-641b241 e-con-full e-flex e-con e-child\" data-id=\"641b241\" data-element_type=\"container\" data-e-type=\"container\" data-settings=\"{&quot;background_background&quot;:&quot;classic&quot;}\">\n\t\t\t\t<div class=\"elementor-element elementor-element-b66014d elementor-widget__width-initial lazy-load elementor-widget elementor-widget-image\" data-id=\"b66014d\" data-element_type=\"widget\" data-e-type=\"widget\" data-widget_type=\"image.default\">\n\t\t\t\t\t\t\t\t\t\t\t\t\t\t\t<img decoding=\"async\" width=\"157\" height=\"174\" data-src=\"https:\/\/inclusive-steps.be\/wp-content\/uploads\/2025\/11\/header-arg.webp\" class=\"attachment-large size-large wp-image-5582 lazyload\" alt=\"\" data-srcset=\"https:\/\/inclusive-steps.be\/wp-content\/uploads\/2025\/11\/header-arg.webp 157w, https:\/\/inclusive-steps.be\/wp-content\/uploads\/2025\/11\/header-arg-11x12.webp 11w\" data-sizes=\"(max-width: 157px) 100vw, 157px\" src=\"data:image\/svg+xml;base64,PHN2ZyB3aWR0aD0iMSIgaGVpZ2h0PSIxIiB4bWxucz0iaHR0cDovL3d3dy53My5vcmcvMjAwMC9zdmciPjwvc3ZnPg==\" style=\"--smush-placeholder-width: 157px; --smush-placeholder-aspect-ratio: 157\/174;\" \/>\t\t\t\t\t\t\t\t\t\t\t\t\t\t\t<\/div>\n\t\t<div class=\"elementor-element elementor-element-abab82f e-con-full lazy-load e-flex e-con e-child\" data-id=\"abab82f\" data-element_type=\"container\" data-e-type=\"container\">\n\t\t\t\t<div class=\"elementor-element elementor-element-1867f40 elementor-widget-mobile__width-inherit elementor-widget-tablet__width-inherit elementor-widget elementor-widget-heading\" data-id=\"1867f40\" data-element_type=\"widget\" data-e-type=\"widget\" data-widget_type=\"heading.default\">\n\t\t\t\t\t<h1 class=\"elementor-heading-title elementor-size-default\">Argumentenverdeler<\/h1>\t\t\t\t<\/div>\n\t\t\t\t<div class=\"elementor-element elementor-element-8590e06 elementor-widget-mobile__width-inherit elementor-widget-tablet__width-inherit elementor-widget elementor-widget-text-editor\" data-id=\"8590e06\" data-element_type=\"widget\" data-e-type=\"widget\" data-widget_type=\"text-editor.default\">\n\t\t\t\t\t\t\t\t\t<p>Het helpt je om te reageren op uitspraken die we maar al te vaak horen: het is te duur, het is te ingewikkeld, we zien wel later...<\/p><p>Het doel is eenvoudig: je duidelijke, gemakkelijk te onthouden en passende argumenten geven om de discussie op gang te brengen en te laten zien dat digitale toegankelijkheid voor iedereen binnen handbereik ligt.<\/p>\t\t\t\t\t\t\t\t<\/div>\n\t\t\t\t<\/div>\n\t\t\t\t<\/div>\n\t\t\t\t<\/div>\n\t\t<div class=\"elementor-element elementor-element-f5859f0 e-con-full distrib-conteneur e-flex e-con e-child\" data-id=\"f5859f0\" data-element_type=\"container\" data-e-type=\"container\" data-settings=\"{&quot;background_background&quot;:&quot;classic&quot;}\" data-no-translation=\"\">\n\t\t\t\t<div class=\"elementor-element elementor-element-a72642e elementor-widget__width-initial elementor-widget-mobile__width-inherit lazy-load elementor-widget elementor-widget-html\" data-id=\"a72642e\" data-element_type=\"widget\" data-e-type=\"widget\" data-widget_type=\"html.default\">\n\t\t\t\t\t<div class=\"form-selectors\">\n<label for=\"subject\" aria-label=\"Je m'adresse \u00e0 :\" class=\"label\" style=\"font-weight:700\"> \n  Ik richt me tot :<\/label>\n  <select id=\"subject\" name=\"subject\" class=\"custom-base\">\n    <option value=\"collegues\">Mijn collega<\/option>\n    <option value=\"hierarchie\">Mijn leidinggevende<\/option>\n    <option value=\"client\">Mijn klant<\/option>\n    <option value=\"moi\">Ikzelf<\/option>    \n  <\/select>\n\n<label for=\"objection\" aria-label=\"Que pensent que :\" class=\"label\" style=\"font-weight:700\">\n  Wie denkt dat : <\/label>\n  <select id=\"objection\" name=\"subject\" class=\"custom-base\">\n    <option value=\"cher\">Digitale toegankelijkheid te duur is<\/option>\n    <option value=\"utilisateurices\">Onze gebruik(st)ers het niet nodig hebben<\/option>\n    <option value=\"developpeurs\"> Alleen voor ontwikkelaars is<\/option>\n    <option value=\"priorite\">Geen prioriteit is<\/option>\n  <\/select>\n\n<\/div>\n\t\t\t\t<\/div>\n\t\t\t\t<div class=\"elementor-element elementor-element-14ae8a8 lazy-load elementor-widget elementor-widget-html\" data-id=\"14ae8a8\" data-element_type=\"widget\" data-e-type=\"widget\" data-widget_type=\"html.default\">\n\t\t\t\t\t<div class=\"distributor-container\">\r\n  <!-- SVG Distributeur -->\r\n  <div class=\"machine-wrapper\" role=\"group\" aria-label=\"Distributeur d'arguments\">\r\n    <object alt=\"Zone cliquable du distributeur d'arguments\" id=\"svgMachine\" type=\"image\/svg+xml\"\r\n      data=\"https:\/\/inclusive-steps.be\/wp-content\/uploads\/2025\/09\/Distrib.svg\">\r\n    <\/object>\r\n    <!-- Le bouton reste accessible -->\r\n    <button\r\n      aria-label=\"Distribuer un argument\"\r\n      class=\"go-button\" id=\"generateBtn\">\r\n      <span>GO<\/span>\r\n    <\/button>\r\n  <\/div>\r\n\r\n  <!-- SVG Ticket avec contenu dynamique -->\r\n  <div class=\"ticket-slot\" aria-hidden=\"true\">\r\n    <div role=\"group\" aria-label=\"Ticket argument\" class=\"ticket-wrapper hidden\" id=\"ticketWrapper\">\r\n      <div class=\"ticket-content\">\r\n        <p aria-live=\"polite\" id=\"argumentText\"><\/p>\r\n      <\/div>\r\n      <object alt=\"Zone du ticket d'impression contenant les arguments\" id=\"svgTicket\" type=\"image\/svg+xml\"\r\n        data=\"https:\/\/inclusive-steps.be\/wp-content\/uploads\/2025\/11\/ticket-nl.svg\">\r\n      <\/object>\r\n    <\/div>\r\n  <\/div>\r\n<\/div>\r\n\t\t\t\t<\/div>\n\t\t\t\t<\/div>\n\t\t\t\t<\/div>\n\t\t<div class=\"elementor-element elementor-element-2958661 e-con-full e-flex e-con e-child\" data-id=\"2958661\" data-element_type=\"container\" data-e-type=\"container\">\n\t\t\t\t<div class=\"elementor-element elementor-element-44acce1 elementor-widget__width-initial elementor-widget elementor-widget-html\" data-id=\"44acce1\" data-element_type=\"widget\" data-e-type=\"widget\" data-widget_type=\"html.default\">\n\t\t\t\t\t<a class=\"bouton-donner-arg\" href=\"\/neerlandais\/soumettre-argument\/\">\n    <span>Heb jij ook een goed argument dat je wilt delen?<\/span>\n    <svg width=\"51\" height=\"22\" viewbox=\"0 0 51 22\" fill=\"none\" xmlns=\"http:\/\/www.w3.org\/2000\/svg\">\n<path d=\"M1 11.0022L49.7756 11.0022M39.9555 1.28125C39.9555 6.65082 44.339 10.9999 49.751 10.9999C44.339 10.9999 39.9555 15.349 39.9555 20.7186\" stroke=\"#5C30FF\" stroke-width=\"2\" stroke-miterlimit=\"10\" stroke-linecap=\"round\"\/>\n<\/svg>\n<\/a>\t\t\t\t<\/div>\n\t\t\t\t<\/div>\n\t\t\t\t<\/div>","protected":false},"excerpt":{"rendered":"<p>Le distributeur d&rsquo;arguments Il t\u2019aide \u00e0 r\u00e9pondre aux phrases qu\u2019on entend trop souvent : c\u2019est trop cher, c\u2019est trop compliqu\u00e9, on verra plus tard\u2026 Le but est simple : te donner des arguments clairs, faciles \u00e0 retenir et adapt\u00e9s pour ouvrir la discussion et montrer que l\u2019accessibilit\u00e9 num\u00e9rique est \u00e0 la port\u00e9e de toutes et [&hellip;]<\/p>\n","protected":false},"author":1,"featured_media":0,"parent":0,"menu_order":0,"comment_status":"closed","ping_status":"closed","template":"","meta":{"_acf_changed":false,"footnotes":""},"class_list":["post-517","page","type-page","status-publish","hentry"],"acf":[],"yoast_head":"<!-- This site is optimized with the Yoast SEO plugin v27.3 - https:\/\/yoast.com\/product\/yoast-seo-wordpress\/ -->\n<title>Distributeur d&#039;arguments - Inclusive steps<\/title>\n<meta name=\"description\" content=\"Ton alli\u00e9 pour ne plus rester sans voix face aux a priori sur l\u2019accessibilit\u00e9 num\u00e9rique.\" \/>\n<meta name=\"robots\" content=\"index, follow, max-snippet:-1, max-image-preview:large, max-video-preview:-1\" \/>\n<link rel=\"canonical\" href=\"https:\/\/inclusive-steps.be\/neerlandais\/distributeur-darguments\/\" \/>\n<meta property=\"og:locale\" content=\"nl_NL\" \/>\n<meta property=\"og:type\" content=\"article\" \/>\n<meta property=\"og:title\" content=\"Distributeur d&#039;arguments - Inclusive steps\" \/>\n<meta property=\"og:description\" content=\"Ton alli\u00e9 pour ne plus rester sans voix face aux a priori sur l\u2019accessibilit\u00e9 num\u00e9rique.\" \/>\n<meta property=\"og:url\" content=\"https:\/\/inclusive-steps.be\/neerlandais\/distributeur-darguments\/\" \/>\n<meta property=\"og:site_name\" content=\"Inclusive steps\" \/>\n<meta property=\"article:modified_time\" content=\"2025-11-27T07:46:07+00:00\" \/>\n<meta property=\"og:image\" content=\"https:\/\/inclusive-steps.be\/wp-content\/uploads\/2025\/11\/header-arg.webp\" \/>\n\t<meta property=\"og:image:width\" content=\"157\" \/>\n\t<meta property=\"og:image:height\" content=\"174\" \/>\n\t<meta property=\"og:image:type\" content=\"image\/webp\" \/>\n<meta name=\"twitter:card\" content=\"summary_large_image\" \/>\n<meta name=\"twitter:label1\" content=\"Geschatte leestijd\" \/>\n\t<meta name=\"twitter:data1\" content=\"1 minuut\" \/>\n<script type=\"application\/ld+json\" class=\"yoast-schema-graph\">{\"@context\":\"https:\\\/\\\/schema.org\",\"@graph\":[{\"@type\":\"WebPage\",\"@id\":\"https:\\\/\\\/inclusive-steps.be\\\/distributeur-darguments\\\/\",\"url\":\"https:\\\/\\\/inclusive-steps.be\\\/distributeur-darguments\\\/\",\"name\":\"Distributeur d'arguments - Inclusive steps\",\"isPartOf\":{\"@id\":\"https:\\\/\\\/inclusive-steps.be\\\/#website\"},\"primaryImageOfPage\":{\"@id\":\"https:\\\/\\\/inclusive-steps.be\\\/distributeur-darguments\\\/#primaryimage\"},\"image\":{\"@id\":\"https:\\\/\\\/inclusive-steps.be\\\/distributeur-darguments\\\/#primaryimage\"},\"thumbnailUrl\":\"https:\\\/\\\/inclusive-steps.be\\\/wp-content\\\/uploads\\\/2025\\\/11\\\/header-arg.webp\",\"datePublished\":\"2025-09-02T08:12:01+00:00\",\"dateModified\":\"2025-11-27T07:46:07+00:00\",\"description\":\"Ton alli\u00e9 pour ne plus rester sans voix face aux a priori sur l\u2019accessibilit\u00e9 num\u00e9rique.\",\"breadcrumb\":{\"@id\":\"https:\\\/\\\/inclusive-steps.be\\\/distributeur-darguments\\\/#breadcrumb\"},\"inLanguage\":\"nl-NL\",\"potentialAction\":[{\"@type\":\"ReadAction\",\"target\":[\"https:\\\/\\\/inclusive-steps.be\\\/distributeur-darguments\\\/\"]}]},{\"@type\":\"ImageObject\",\"inLanguage\":\"nl-NL\",\"@id\":\"https:\\\/\\\/inclusive-steps.be\\\/distributeur-darguments\\\/#primaryimage\",\"url\":\"https:\\\/\\\/inclusive-steps.be\\\/wp-content\\\/uploads\\\/2025\\\/11\\\/header-arg.webp\",\"contentUrl\":\"https:\\\/\\\/inclusive-steps.be\\\/wp-content\\\/uploads\\\/2025\\\/11\\\/header-arg.webp\"},{\"@type\":\"BreadcrumbList\",\"@id\":\"https:\\\/\\\/inclusive-steps.be\\\/distributeur-darguments\\\/#breadcrumb\",\"itemListElement\":[{\"@type\":\"ListItem\",\"position\":1,\"name\":\"Accueil\",\"item\":\"https:\\\/\\\/inclusive-steps.be\\\/\"},{\"@type\":\"ListItem\",\"position\":2,\"name\":\"Distributeur d&rsquo;arguments\"}]},{\"@type\":\"WebSite\",\"@id\":\"https:\\\/\\\/inclusive-steps.be\\\/#website\",\"url\":\"https:\\\/\\\/inclusive-steps.be\\\/\",\"name\":\"Inclusive steps\",\"description\":\"Think accessible, build better\",\"publisher\":{\"@id\":\"https:\\\/\\\/inclusive-steps.be\\\/#organization\"},\"potentialAction\":[{\"@type\":\"SearchAction\",\"target\":{\"@type\":\"EntryPoint\",\"urlTemplate\":\"https:\\\/\\\/inclusive-steps.be\\\/?s={search_term_string}\"},\"query-input\":{\"@type\":\"PropertyValueSpecification\",\"valueRequired\":true,\"valueName\":\"search_term_string\"}}],\"inLanguage\":\"nl-NL\"},{\"@type\":\"Organization\",\"@id\":\"https:\\\/\\\/inclusive-steps.be\\\/#organization\",\"name\":\"Inclusive steps\",\"url\":\"https:\\\/\\\/inclusive-steps.be\\\/\",\"logo\":{\"@type\":\"ImageObject\",\"inLanguage\":\"nl-NL\",\"@id\":\"https:\\\/\\\/inclusive-steps.be\\\/#\\\/schema\\\/logo\\\/image\\\/\",\"url\":\"https:\\\/\\\/inclusive-steps.be\\\/wp-content\\\/uploads\\\/2025\\\/09\\\/favicon.svg\",\"contentUrl\":\"https:\\\/\\\/inclusive-steps.be\\\/wp-content\\\/uploads\\\/2025\\\/09\\\/favicon.svg\",\"width\":58,\"height\":57,\"caption\":\"Inclusive steps\"},\"image\":{\"@id\":\"https:\\\/\\\/inclusive-steps.be\\\/#\\\/schema\\\/logo\\\/image\\\/\"}}]}<\/script>\n<!-- \/ Yoast SEO plugin. -->","yoast_head_json":{"title":"Distributeur d'arguments - Inclusive steps","description":"Je bondgenoot om niet langer sprakeloos te blijven tegenover vooroordelen over digitale toegankelijkheid.","robots":{"index":"index","follow":"follow","max-snippet":"max-snippet:-1","max-image-preview":"max-image-preview:large","max-video-preview":"max-video-preview:-1"},"canonical":"https:\/\/inclusive-steps.be\/neerlandais\/distributeur-darguments\/","og_locale":"nl_NL","og_type":"article","og_title":"Distributeur d'arguments - Inclusive steps","og_description":"Ton alli\u00e9 pour ne plus rester sans voix face aux a priori sur l\u2019accessibilit\u00e9 num\u00e9rique.","og_url":"https:\/\/inclusive-steps.be\/neerlandais\/distributeur-darguments\/","og_site_name":"Inclusive steps","article_modified_time":"2025-11-27T07:46:07+00:00","og_image":[{"width":157,"height":174,"url":"https:\/\/inclusive-steps.be\/wp-content\/uploads\/2025\/11\/header-arg.webp","type":"image\/webp"}],"twitter_card":"summary_large_image","twitter_misc":{"Geschatte leestijd":"1 minuut"},"schema":{"@context":"https:\/\/schema.org","@graph":[{"@type":"WebPage","@id":"https:\/\/inclusive-steps.be\/distributeur-darguments\/","url":"https:\/\/inclusive-steps.be\/distributeur-darguments\/","name":"Distributeur d'arguments - Inclusive steps","isPartOf":{"@id":"https:\/\/inclusive-steps.be\/#website"},"primaryImageOfPage":{"@id":"https:\/\/inclusive-steps.be\/distributeur-darguments\/#primaryimage"},"image":{"@id":"https:\/\/inclusive-steps.be\/distributeur-darguments\/#primaryimage"},"thumbnailUrl":"https:\/\/inclusive-steps.be\/wp-content\/uploads\/2025\/11\/header-arg.webp","datePublished":"2025-09-02T08:12:01+00:00","dateModified":"2025-11-27T07:46:07+00:00","description":"Je bondgenoot om niet langer sprakeloos te blijven tegenover vooroordelen over digitale toegankelijkheid.","breadcrumb":{"@id":"https:\/\/inclusive-steps.be\/distributeur-darguments\/#breadcrumb"},"inLanguage":"nl-NL","potentialAction":[{"@type":"ReadAction","target":["https:\/\/inclusive-steps.be\/distributeur-darguments\/"]}]},{"@type":"ImageObject","inLanguage":"nl-NL","@id":"https:\/\/inclusive-steps.be\/distributeur-darguments\/#primaryimage","url":"https:\/\/inclusive-steps.be\/wp-content\/uploads\/2025\/11\/header-arg.webp","contentUrl":"https:\/\/inclusive-steps.be\/wp-content\/uploads\/2025\/11\/header-arg.webp"},{"@type":"BreadcrumbList","@id":"https:\/\/inclusive-steps.be\/distributeur-darguments\/#breadcrumb","itemListElement":[{"@type":"ListItem","position":1,"name":"Accueil","item":"https:\/\/inclusive-steps.be\/"},{"@type":"ListItem","position":2,"name":"Distributeur d&rsquo;arguments"}]},{"@type":"WebSite","@id":"https:\/\/inclusive-steps.be\/#website","url":"https:\/\/inclusive-steps.be\/","name":"Inclusive steps","description":"Think accessible, build better","publisher":{"@id":"https:\/\/inclusive-steps.be\/#organization"},"potentialAction":[{"@type":"SearchAction","target":{"@type":"EntryPoint","urlTemplate":"https:\/\/inclusive-steps.be\/?s={search_term_string}"},"query-input":{"@type":"PropertyValueSpecification","valueRequired":true,"valueName":"search_term_string"}}],"inLanguage":"nl-NL"},{"@type":"Organization","@id":"https:\/\/inclusive-steps.be\/#organization","name":"Inclusive steps","url":"https:\/\/inclusive-steps.be\/","logo":{"@type":"ImageObject","inLanguage":"nl-NL","@id":"https:\/\/inclusive-steps.be\/#\/schema\/logo\/image\/","url":"https:\/\/inclusive-steps.be\/wp-content\/uploads\/2025\/09\/favicon.svg","contentUrl":"https:\/\/inclusive-steps.be\/wp-content\/uploads\/2025\/09\/favicon.svg","width":58,"height":57,"caption":"Inclusive steps"},"image":{"@id":"https:\/\/inclusive-steps.be\/#\/schema\/logo\/image\/"}}]}},"_links":{"self":[{"href":"https:\/\/inclusive-steps.be\/neerlandais\/wp-json\/wp\/v2\/pages\/517","targetHints":{"allow":["GET"]}}],"collection":[{"href":"https:\/\/inclusive-steps.be\/neerlandais\/wp-json\/wp\/v2\/pages"}],"about":[{"href":"https:\/\/inclusive-steps.be\/neerlandais\/wp-json\/wp\/v2\/types\/page"}],"author":[{"embeddable":true,"href":"https:\/\/inclusive-steps.be\/neerlandais\/wp-json\/wp\/v2\/users\/1"}],"replies":[{"embeddable":true,"href":"https:\/\/inclusive-steps.be\/neerlandais\/wp-json\/wp\/v2\/comments?post=517"}],"version-history":[{"count":844,"href":"https:\/\/inclusive-steps.be\/neerlandais\/wp-json\/wp\/v2\/pages\/517\/revisions"}],"predecessor-version":[{"id":6169,"href":"https:\/\/inclusive-steps.be\/neerlandais\/wp-json\/wp\/v2\/pages\/517\/revisions\/6169"}],"wp:attachment":[{"href":"https:\/\/inclusive-steps.be\/neerlandais\/wp-json\/wp\/v2\/media?parent=517"}],"curies":[{"name":"wp","href":"https:\/\/api.w.org\/{rel}","templated":true}]}}