{"id":5332,"date":"2025-11-17T10:44:29","date_gmt":"2025-11-17T09:44:29","guid":{"rendered":"https:\/\/inclusive.wp.steppers.be\/?page_id=5332"},"modified":"2025-11-25T17:38:10","modified_gmt":"2025-11-25T16:38:10","slug":"condition-dutilisation","status":"publish","type":"page","link":"https:\/\/inclusive-steps.be\/neerlandais\/condition-dutilisation\/","title":{"rendered":"Condition d&rsquo;utilisation"},"content":{"rendered":"<div data-elementor-type=\"wp-page\" data-elementor-id=\"5332\" class=\"elementor elementor-5332\" data-elementor-post-type=\"page\">\n\t\t\t\t<div class=\"elementor-element elementor-element-56bbf57 e-flex e-con-boxed e-con e-parent\" data-id=\"56bbf57\" data-element_type=\"container\" data-e-type=\"container\">\n\t\t\t\t\t<div class=\"e-con-inner\">\n\t\t<div class=\"elementor-element elementor-element-09ad8a5 e-con-full e-flex e-con e-child\" data-id=\"09ad8a5\" data-element_type=\"container\" data-e-type=\"container\">\n\t\t\t\t<div class=\"elementor-element elementor-element-614a727 elementor-widget elementor-widget-heading\" data-id=\"614a727\" data-element_type=\"widget\" data-e-type=\"widget\" tabindex=\"0\" data-widget_type=\"heading.default\">\n\t\t\t\t\t<h2 class=\"elementor-heading-title elementor-size-default\">Conditions d\u2019utilisation \u2014 Mission Accessibilit\u00e9 &amp; Ressources associ\u00e9es<\/h2>\t\t\t\t<\/div>\n\t\t<div class=\"elementor-element elementor-element-4538c05 e-con-full e-flex e-con e-child\" data-id=\"4538c05\" data-element_type=\"container\" data-e-type=\"container\" data-settings=\"{&quot;background_background&quot;:&quot;classic&quot;}\">\n\t\t\t\t<div class=\"elementor-element elementor-element-a0ae950 elementor-widget elementor-widget-text-editor\" data-id=\"a0ae950\" data-element_type=\"widget\" data-e-type=\"widget\" tabindex=\"0\" data-widget_type=\"text-editor.default\">\n\t\t\t\t\t\t\t\t\t<p>Les pr\u00e9sentes conditions encadrent l\u2019utilisation du jeu Mission Accessibilit\u00e9, ainsi que des supports p\u00e9dagogiques associ\u00e9s : Petit M\u00e9mo, Bingo A11y, affiches et tous les fichiers imprimables mis \u00e0 disposition par Steppers Studio.<\/p><p>Ces outils sont con\u00e7us pour sensibiliser, informer et diffuser une culture commune de l\u2019accessibilit\u00e9 num\u00e9rique, dans un esprit d\u2019ouverture et de partage.<\/p>\t\t\t\t\t\t\t\t<\/div>\n\t\t<div class=\"elementor-element elementor-element-eedc1ef e-con-full e-flex e-con e-child\" data-id=\"eedc1ef\" data-element_type=\"container\" data-e-type=\"container\">\n\t\t\t\t<div class=\"elementor-element elementor-element-793f971 elementor-widget elementor-widget-heading\" data-id=\"793f971\" data-element_type=\"widget\" data-e-type=\"widget\" data-widget_type=\"heading.default\">\n\t\t\t\t\t<h2 class=\"elementor-heading-title elementor-size-default\">Pr\u00e9sentation des supports<\/h2>\t\t\t\t<\/div>\n\t\t\t\t<div class=\"elementor-element elementor-element-44bbe46 elementor-widget elementor-widget-text-editor\" data-id=\"44bbe46\" data-element_type=\"widget\" data-e-type=\"widget\" tabindex=\"0\" data-widget_type=\"text-editor.default\">\n\t\t\t\t\t\t\t\t\t<p>Les ressources comprennent :<\/p><ul><li>Le jeu Mission Accessibilit\u00e9, compos\u00e9 de cartes et d\u2019un livret de r\u00e9gles.<\/li><li>Le Petit M\u00e9mo, un support \u00e0 imprimer et \u00e0 plier pour former un carnet pratique.<\/li><li>Le Bingo A11y, un outil ludique de sensibilisation.<\/li><li>Une s\u00e9rie d\u2019affiches et de fichiers imprimables destin\u00e9s \u00e0 la sensibilisation.<\/li><\/ul><p>L\u2019ensemble de ces supports est produit par Steppers Studio.<br \/>Ils peuvent contenir des informations issues de r\u00e9f\u00e9rentiels reconnus (RGAA, WCAG, directives europ\u00e9ennes\u2026) et des contenus originaux con\u00e7us par le studio.<\/p><p>Sauf mention contraire, Steppers Studio d\u00e9tient tous les droits d\u2019auteur sur ces \u0153uvres et leurs d\u00e9clinaisons.<br \/>Les supports sont diffus\u00e9s sous licence Creative Commons, dans l\u2019objectif de favoriser leur circulation tout en prot\u00e9geant leur int\u00e9grit\u00e9.<\/p>\t\t\t\t\t\t\t\t<\/div>\n\t\t\t\t<\/div>\n\t\t<div class=\"elementor-element elementor-element-895fe1d e-con-full e-flex e-con e-child\" data-id=\"895fe1d\" data-element_type=\"container\" data-e-type=\"container\">\n\t\t\t\t<div class=\"elementor-element elementor-element-5c890df elementor-widget elementor-widget-heading\" data-id=\"5c890df\" data-element_type=\"widget\" data-e-type=\"widget\" data-widget_type=\"heading.default\">\n\t\t\t\t\t<h2 class=\"elementor-heading-title elementor-size-default\">Ce que vous pouvez faire<\/h2>\t\t\t\t<\/div>\n\t\t\t\t<div class=\"elementor-element elementor-element-4c8dadd elementor-widget elementor-widget-heading\" data-id=\"4c8dadd\" data-element_type=\"widget\" data-e-type=\"widget\" data-widget_type=\"heading.default\">\n\t\t\t\t\t<h2 class=\"elementor-heading-title elementor-size-default\">1. Utilisation non commerciale<\/h2>\t\t\t\t<\/div>\n\t\t\t\t<div class=\"elementor-element elementor-element-ab7cb27 elementor-widget elementor-widget-text-editor\" data-id=\"ab7cb27\" data-element_type=\"widget\" data-e-type=\"widget\" tabindex=\"0\" data-widget_type=\"text-editor.default\">\n\t\t\t\t\t\t\t\t\t<p>L\u2019utilisation gratuite est autoris\u00e9e dans les contextes suivants :<\/p><ul><li>Ateliers non r\u00e9mun\u00e9r\u00e9s et \u00e9v\u00e9nements associatifs ou citoyens.<\/li><li>Sensibilisation dans les \u00e9tablissements d\u2019enseignement (\u00e9coles, universit\u00e9s, centres de formation).<\/li><li>Utilisation personnelle ou au sein d\u2019un petit groupe pour d\u00e9couvrir l\u2019accessibilit\u00e9.<\/li><\/ul><p>Conditions obligatoires :<\/p><ul><li>Ne pas modifier les supports.<\/li><li>Mentionner Steppers Studio et le SPF \u00c9conomie, P.M.E., Classes moyennes et \u00c9nergie, comme source.<\/li><\/ul>\t\t\t\t\t\t\t\t<\/div>\n\t\t\t\t<\/div>\n\t\t<div class=\"elementor-element elementor-element-1a33dfc e-con-full e-flex e-con e-child\" data-id=\"1a33dfc\" data-element_type=\"container\" data-e-type=\"container\">\n\t\t\t\t<div class=\"elementor-element elementor-element-59b50f6 elementor-widget elementor-widget-heading\" data-id=\"59b50f6\" data-element_type=\"widget\" data-e-type=\"widget\" data-widget_type=\"heading.default\">\n\t\t\t\t\t<h2 class=\"elementor-heading-title elementor-size-default\">2. Utilisation interne en organisation<\/h2>\t\t\t\t<\/div>\n\t\t\t\t<div class=\"elementor-element elementor-element-fd3204a elementor-widget elementor-widget-text-editor\" data-id=\"fd3204a\" data-element_type=\"widget\" data-e-type=\"widget\" tabindex=\"0\" data-widget_type=\"text-editor.default\">\n\t\t\t\t\t\t\t\t\t<p>Les supports peuvent \u00eatre utilis\u00e9s en interne, au sein d\u2019une entreprise, association, administration ou collectivit\u00e9, \u00e0 condition que l\u2019atelier ne g\u00e9n\u00e8re aucune contrepartie financi\u00e8re (pas de facturation, pas d\u2019intervention ext\u00e9rieure r\u00e9mun\u00e9r\u00e9e).<\/p><p><strong>Conditions obligatoires :<\/strong><\/p><ul><li>Ne pas modifier les supports.<\/li><li>Citer Steppers Studio et le SPF \u00c9conomie, P.M.E., Classes moyennes et \u00c9nergie.<\/li><\/ul>\t\t\t\t\t\t\t\t<\/div>\n\t\t\t\t<\/div>\n\t\t<div class=\"elementor-element elementor-element-3466d2e e-con-full e-flex e-con e-child\" data-id=\"3466d2e\" data-element_type=\"container\" data-e-type=\"container\">\n\t\t\t\t<div class=\"elementor-element elementor-element-c2c09d9 elementor-widget elementor-widget-heading\" data-id=\"c2c09d9\" data-element_type=\"widget\" data-e-type=\"widget\" data-widget_type=\"heading.default\">\n\t\t\t\t\t<h2 class=\"elementor-heading-title elementor-size-default\">Ce que vous ne pouvez pas faire<\/h2>\t\t\t\t<\/div>\n\t\t\t\t<div class=\"elementor-element elementor-element-5988ed5 elementor-widget elementor-widget-heading\" data-id=\"5988ed5\" data-element_type=\"widget\" data-e-type=\"widget\" data-widget_type=\"heading.default\">\n\t\t\t\t\t<h2 class=\"elementor-heading-title elementor-size-default\">1. Utilisation commerciale<\/h2>\t\t\t\t<\/div>\n\t\t\t\t<div class=\"elementor-element elementor-element-e32168f elementor-widget elementor-widget-text-editor\" data-id=\"e32168f\" data-element_type=\"widget\" data-e-type=\"widget\" tabindex=\"0\" data-widget_type=\"text-editor.default\">\n\t\t\t\t\t\t\t\t\t<p>Toute utilisation dans un cadre commercial ou professionnel r\u00e9mun\u00e9r\u00e9 est interdite sans accord pr\u00e9alable \u00e9crit de Steppers Studio.<br \/>Cela inclut, sans s\u2019y limiter :<\/p><ul><li>Ateliers ou formations payantes, m\u00eame partiellement.<\/li><li>Sensibilisation factur\u00e9e \u00e0 un client.<\/li><li>Inclusion du jeu ou des supports dans une offre de service.<\/li><li>Utilisation pour promouvoir un service, une offre ou un produit.<\/li><\/ul>\t\t\t\t\t\t\t\t<\/div>\n\t\t\t\t<\/div>\n\t\t<div class=\"elementor-element elementor-element-c29e0ce e-con-full e-flex e-con e-child\" data-id=\"c29e0ce\" data-element_type=\"container\" data-e-type=\"container\">\n\t\t\t\t<div class=\"elementor-element elementor-element-04f995d elementor-widget elementor-widget-heading\" data-id=\"04f995d\" data-element_type=\"widget\" data-e-type=\"widget\" data-widget_type=\"heading.default\">\n\t\t\t\t\t<h2 class=\"elementor-heading-title elementor-size-default\">2. Modification des contenus<\/h2>\t\t\t\t<\/div>\n\t\t\t\t<div class=\"elementor-element elementor-element-0bfcbe4 elementor-widget elementor-widget-text-editor\" data-id=\"0bfcbe4\" data-element_type=\"widget\" data-e-type=\"widget\" tabindex=\"0\" data-widget_type=\"text-editor.default\">\n\t\t\t\t\t\t\t\t\t<p>Vous ne pouvez en aucun cas :<\/p><ul><li>Modifier, reformuler ou r\u00e9agencer les supports.<\/li><li>Ajouter ou supprimer des \u00e9l\u00e9ments (logos, textes, illustrations\u2026).<\/li><li>Produire des variantes d\u00e9riv\u00e9es (\u201cr\u00e9\u00e9ditions\u201d, \u201cvotre version\u201d, traductions\u2026).<\/li><li>M\u00e9langer ces supports avec d\u2019autres sources sans autorisation explicite.<\/li><\/ul>\t\t\t\t\t\t\t\t<\/div>\n\t\t\t\t<\/div>\n\t\t<div class=\"elementor-element elementor-element-7e56e8d e-con-full e-flex e-con e-child\" data-id=\"7e56e8d\" data-element_type=\"container\" data-e-type=\"container\">\n\t\t\t\t<div class=\"elementor-element elementor-element-94b432f elementor-widget elementor-widget-heading\" data-id=\"94b432f\" data-element_type=\"widget\" data-e-type=\"widget\" data-widget_type=\"heading.default\">\n\t\t\t\t\t<h2 class=\"elementor-heading-title elementor-size-default\">3. Reproduction et redistribution<\/h2>\t\t\t\t<\/div>\n\t\t\t\t<div class=\"elementor-element elementor-element-3ae793a elementor-widget elementor-widget-text-editor\" data-id=\"3ae793a\" data-element_type=\"widget\" data-e-type=\"widget\" tabindex=\"0\" data-widget_type=\"text-editor.default\">\n\t\t\t\t\t\t\t\t\t<p>Sont interdites sans accord pr\u00e9alable :<\/p><ul><li>La reproduction en grande quantit\u00e9 (impression en lots, production massifi\u00e9e).<\/li><li>La revente ou la redistribution, y compris gratuite, en dehors du cadre autoris\u00e9.<\/li><li>La mise en ligne des fichiers sur une autre plateforme que celle de Steppers Studio.<\/li><\/ul>\t\t\t\t\t\t\t\t<\/div>\n\t\t\t\t<\/div>\n\t\t<div class=\"elementor-element elementor-element-67e28ad e-con-full e-flex e-con e-child\" data-id=\"67e28ad\" data-element_type=\"container\" data-e-type=\"container\">\n\t\t\t\t<div class=\"elementor-element elementor-element-01236c4 elementor-widget elementor-widget-heading\" data-id=\"01236c4\" data-element_type=\"widget\" data-e-type=\"widget\" data-widget_type=\"heading.default\">\n\t\t\t\t\t<h2 class=\"elementor-heading-title elementor-size-default\">Cons\u00e9quences en cas de non-respect<\/h2>\t\t\t\t<\/div>\n\t\t\t\t<div class=\"elementor-element elementor-element-b2eff5a elementor-widget elementor-widget-text-editor\" data-id=\"b2eff5a\" data-element_type=\"widget\" data-e-type=\"widget\" tabindex=\"0\" data-widget_type=\"text-editor.default\">\n\t\t\t\t\t\t\t\t\t<p>Tout non-respect de ces conditions constitue une violation du droit d\u2019auteur et peut entra\u00eener <strong data-renderer-mark=\"true\">des poursuites l\u00e9gales<\/strong> conform\u00e9ment \u00e0 la l\u00e9gislation en vigueur.<\/p>\t\t\t\t\t\t\t\t<\/div>\n\t\t\t\t<\/div>\n\t\t<div class=\"elementor-element elementor-element-b9e90fb e-con-full e-flex e-con e-child\" data-id=\"b9e90fb\" data-element_type=\"container\" data-e-type=\"container\">\n\t\t\t\t<div class=\"elementor-element elementor-element-973e865 elementor-widget elementor-widget-heading\" data-id=\"973e865\" data-element_type=\"widget\" data-e-type=\"widget\" data-widget_type=\"heading.default\">\n\t\t\t\t\t<h2 class=\"elementor-heading-title elementor-size-default\">Questions et demandes d\u2019autorisation<\/h2>\t\t\t\t<\/div>\n\t\t\t\t<div class=\"elementor-element elementor-element-a7a95d1 elementor-widget elementor-widget-text-editor\" data-id=\"a7a95d1\" data-element_type=\"widget\" data-e-type=\"widget\" tabindex=\"0\" data-widget_type=\"text-editor.default\">\n\t\t\t\t\t\t\t\t\t<p>Pour tout usage professionnel, commercial, adapt\u00e9 ou non pr\u00e9vu dans ces conditions, ou pour toute question :<\/p><p><strong>\ud83d\udc49 Contactez Steppers Studio avant utilisation.<\/strong><br \/>Cela permet de garantir le bon usage des supports et de pr\u00e9server l\u2019int\u00e9grit\u00e9 de ces outils p\u00e9dagogiques.<\/p>\t\t\t\t\t\t\t\t<\/div>\n\t\t\t\t<\/div>\n\t\t\t\t<\/div>\n\t\t\t\t<\/div>\n\t\t\t\t\t<\/div>\n\t\t\t\t<\/div>\n\t\t\t\t<\/div>","protected":false},"excerpt":{"rendered":"<p>Conditions d\u2019utilisation \u2014 Mission Accessibilit\u00e9 &amp; Ressources associ\u00e9es Les pr\u00e9sentes conditions encadrent l\u2019utilisation du jeu Mission Accessibilit\u00e9, ainsi que des supports p\u00e9dagogiques associ\u00e9s : Petit M\u00e9mo, Bingo A11y, affiches et tous les fichiers imprimables mis \u00e0 disposition par Steppers Studio. Ces outils sont con\u00e7us pour sensibiliser, informer et diffuser une culture commune de l\u2019accessibilit\u00e9 num\u00e9rique, [&hellip;]<\/p>\n","protected":false},"author":1,"featured_media":0,"parent":0,"menu_order":6,"comment_status":"closed","ping_status":"closed","template":"","meta":{"_acf_changed":false,"footnotes":""},"class_list":["post-5332","page","type-page","status-publish","hentry"],"acf":[],"yoast_head":"<!-- This site is optimized with the Yoast SEO plugin v27.3 - https:\/\/yoast.com\/product\/yoast-seo-wordpress\/ -->\n<title>Condition d&#039;utilisation - Inclusive steps<\/title>\n<meta name=\"robots\" content=\"index, follow, max-snippet:-1, max-image-preview:large, max-video-preview:-1\" \/>\n<link rel=\"canonical\" href=\"https:\/\/inclusive-steps.be\/neerlandais\/condition-dutilisation\/\" \/>\n<meta property=\"og:locale\" content=\"nl_NL\" \/>\n<meta property=\"og:type\" content=\"article\" \/>\n<meta property=\"og:title\" content=\"Condition d&#039;utilisation - Inclusive steps\" \/>\n<meta property=\"og:description\" content=\"Conditions d\u2019utilisation \u2014 Mission Accessibilit\u00e9 &amp; Ressources associ\u00e9es Les pr\u00e9sentes conditions encadrent l\u2019utilisation du jeu Mission Accessibilit\u00e9, ainsi que des supports p\u00e9dagogiques associ\u00e9s : Petit M\u00e9mo, Bingo A11y, affiches et tous les fichiers imprimables mis \u00e0 disposition par Steppers Studio. Ces outils sont con\u00e7us pour sensibiliser, informer et diffuser une culture commune de l\u2019accessibilit\u00e9 num\u00e9rique, [&hellip;]\" \/>\n<meta property=\"og:url\" content=\"https:\/\/inclusive-steps.be\/neerlandais\/condition-dutilisation\/\" \/>\n<meta property=\"og:site_name\" content=\"Inclusive steps\" \/>\n<meta property=\"article:modified_time\" content=\"2025-11-25T16:38:10+00:00\" \/>\n<meta property=\"og:image\" content=\"https:\/\/inclusive-steps.be\/wp-content\/uploads\/2025\/11\/Screenshot_4.png\" \/>\n\t<meta property=\"og:image:width\" content=\"608\" \/>\n\t<meta property=\"og:image:height\" content=\"309\" \/>\n\t<meta property=\"og:image:type\" content=\"image\/png\" \/>\n<meta name=\"twitter:card\" content=\"summary_large_image\" \/>\n<meta name=\"twitter:label1\" content=\"Geschatte leestijd\" \/>\n\t<meta name=\"twitter:data1\" content=\"3 minuten\" \/>\n<script type=\"application\/ld+json\" class=\"yoast-schema-graph\">{\"@context\":\"https:\\\/\\\/schema.org\",\"@graph\":[{\"@type\":\"WebPage\",\"@id\":\"https:\\\/\\\/inclusive-steps.be\\\/condition-dutilisation\\\/\",\"url\":\"https:\\\/\\\/inclusive-steps.be\\\/condition-dutilisation\\\/\",\"name\":\"Condition d'utilisation - Inclusive steps\",\"isPartOf\":{\"@id\":\"https:\\\/\\\/inclusive-steps.be\\\/#website\"},\"datePublished\":\"2025-11-17T09:44:29+00:00\",\"dateModified\":\"2025-11-25T16:38:10+00:00\",\"breadcrumb\":{\"@id\":\"https:\\\/\\\/inclusive-steps.be\\\/condition-dutilisation\\\/#breadcrumb\"},\"inLanguage\":\"nl-NL\",\"potentialAction\":[{\"@type\":\"ReadAction\",\"target\":[\"https:\\\/\\\/inclusive-steps.be\\\/condition-dutilisation\\\/\"]}]},{\"@type\":\"BreadcrumbList\",\"@id\":\"https:\\\/\\\/inclusive-steps.be\\\/condition-dutilisation\\\/#breadcrumb\",\"itemListElement\":[{\"@type\":\"ListItem\",\"position\":1,\"name\":\"Accueil\",\"item\":\"https:\\\/\\\/inclusive-steps.be\\\/\"},{\"@type\":\"ListItem\",\"position\":2,\"name\":\"Condition d&rsquo;utilisation\"}]},{\"@type\":\"WebSite\",\"@id\":\"https:\\\/\\\/inclusive-steps.be\\\/#website\",\"url\":\"https:\\\/\\\/inclusive-steps.be\\\/\",\"name\":\"Inclusive steps\",\"description\":\"Think accessible, build better\",\"publisher\":{\"@id\":\"https:\\\/\\\/inclusive-steps.be\\\/#organization\"},\"potentialAction\":[{\"@type\":\"SearchAction\",\"target\":{\"@type\":\"EntryPoint\",\"urlTemplate\":\"https:\\\/\\\/inclusive-steps.be\\\/?s={search_term_string}\"},\"query-input\":{\"@type\":\"PropertyValueSpecification\",\"valueRequired\":true,\"valueName\":\"search_term_string\"}}],\"inLanguage\":\"nl-NL\"},{\"@type\":\"Organization\",\"@id\":\"https:\\\/\\\/inclusive-steps.be\\\/#organization\",\"name\":\"Inclusive steps\",\"url\":\"https:\\\/\\\/inclusive-steps.be\\\/\",\"logo\":{\"@type\":\"ImageObject\",\"inLanguage\":\"nl-NL\",\"@id\":\"https:\\\/\\\/inclusive-steps.be\\\/#\\\/schema\\\/logo\\\/image\\\/\",\"url\":\"https:\\\/\\\/inclusive-steps.be\\\/wp-content\\\/uploads\\\/2025\\\/09\\\/favicon.svg\",\"contentUrl\":\"https:\\\/\\\/inclusive-steps.be\\\/wp-content\\\/uploads\\\/2025\\\/09\\\/favicon.svg\",\"width\":58,\"height\":57,\"caption\":\"Inclusive steps\"},\"image\":{\"@id\":\"https:\\\/\\\/inclusive-steps.be\\\/#\\\/schema\\\/logo\\\/image\\\/\"}}]}<\/script>\n<!-- \/ Yoast SEO plugin. -->","yoast_head_json":{"title":"Condition d'utilisation - Inclusive steps","robots":{"index":"index","follow":"follow","max-snippet":"max-snippet:-1","max-image-preview":"max-image-preview:large","max-video-preview":"max-video-preview:-1"},"canonical":"https:\/\/inclusive-steps.be\/neerlandais\/condition-dutilisation\/","og_locale":"nl_NL","og_type":"article","og_title":"Condition d'utilisation - Inclusive steps","og_description":"Conditions d\u2019utilisation \u2014 Mission Accessibilit\u00e9 &amp; Ressources associ\u00e9es Les pr\u00e9sentes conditions encadrent l\u2019utilisation du jeu Mission Accessibilit\u00e9, ainsi que des supports p\u00e9dagogiques associ\u00e9s : Petit M\u00e9mo, Bingo A11y, affiches et tous les fichiers imprimables mis \u00e0 disposition par Steppers Studio. Ces outils sont con\u00e7us pour sensibiliser, informer et diffuser une culture commune de l\u2019accessibilit\u00e9 num\u00e9rique, [&hellip;]","og_url":"https:\/\/inclusive-steps.be\/neerlandais\/condition-dutilisation\/","og_site_name":"Inclusive steps","article_modified_time":"2025-11-25T16:38:10+00:00","og_image":[{"width":608,"height":309,"url":"https:\/\/inclusive-steps.be\/wp-content\/uploads\/2025\/11\/Screenshot_4.png","type":"image\/png"}],"twitter_card":"summary_large_image","twitter_misc":{"Geschatte leestijd":"3 minuten"},"schema":{"@context":"https:\/\/schema.org","@graph":[{"@type":"WebPage","@id":"https:\/\/inclusive-steps.be\/condition-dutilisation\/","url":"https:\/\/inclusive-steps.be\/condition-dutilisation\/","name":"Condition d'utilisation - Inclusive steps","isPartOf":{"@id":"https:\/\/inclusive-steps.be\/#website"},"datePublished":"2025-11-17T09:44:29+00:00","dateModified":"2025-11-25T16:38:10+00:00","breadcrumb":{"@id":"https:\/\/inclusive-steps.be\/condition-dutilisation\/#breadcrumb"},"inLanguage":"nl-NL","potentialAction":[{"@type":"ReadAction","target":["https:\/\/inclusive-steps.be\/condition-dutilisation\/"]}]},{"@type":"BreadcrumbList","@id":"https:\/\/inclusive-steps.be\/condition-dutilisation\/#breadcrumb","itemListElement":[{"@type":"ListItem","position":1,"name":"Accueil","item":"https:\/\/inclusive-steps.be\/"},{"@type":"ListItem","position":2,"name":"Condition d&rsquo;utilisation"}]},{"@type":"WebSite","@id":"https:\/\/inclusive-steps.be\/#website","url":"https:\/\/inclusive-steps.be\/","name":"Inclusive steps","description":"Think accessible, build better","publisher":{"@id":"https:\/\/inclusive-steps.be\/#organization"},"potentialAction":[{"@type":"SearchAction","target":{"@type":"EntryPoint","urlTemplate":"https:\/\/inclusive-steps.be\/?s={search_term_string}"},"query-input":{"@type":"PropertyValueSpecification","valueRequired":true,"valueName":"search_term_string"}}],"inLanguage":"nl-NL"},{"@type":"Organization","@id":"https:\/\/inclusive-steps.be\/#organization","name":"Inclusive steps","url":"https:\/\/inclusive-steps.be\/","logo":{"@type":"ImageObject","inLanguage":"nl-NL","@id":"https:\/\/inclusive-steps.be\/#\/schema\/logo\/image\/","url":"https:\/\/inclusive-steps.be\/wp-content\/uploads\/2025\/09\/favicon.svg","contentUrl":"https:\/\/inclusive-steps.be\/wp-content\/uploads\/2025\/09\/favicon.svg","width":58,"height":57,"caption":"Inclusive steps"},"image":{"@id":"https:\/\/inclusive-steps.be\/#\/schema\/logo\/image\/"}}]}},"_links":{"self":[{"href":"https:\/\/inclusive-steps.be\/neerlandais\/wp-json\/wp\/v2\/pages\/5332","targetHints":{"allow":["GET"]}}],"collection":[{"href":"https:\/\/inclusive-steps.be\/neerlandais\/wp-json\/wp\/v2\/pages"}],"about":[{"href":"https:\/\/inclusive-steps.be\/neerlandais\/wp-json\/wp\/v2\/types\/page"}],"author":[{"embeddable":true,"href":"https:\/\/inclusive-steps.be\/neerlandais\/wp-json\/wp\/v2\/users\/1"}],"replies":[{"embeddable":true,"href":"https:\/\/inclusive-steps.be\/neerlandais\/wp-json\/wp\/v2\/comments?post=5332"}],"version-history":[{"count":45,"href":"https:\/\/inclusive-steps.be\/neerlandais\/wp-json\/wp\/v2\/pages\/5332\/revisions"}],"predecessor-version":[{"id":6131,"href":"https:\/\/inclusive-steps.be\/neerlandais\/wp-json\/wp\/v2\/pages\/5332\/revisions\/6131"}],"wp:attachment":[{"href":"https:\/\/inclusive-steps.be\/neerlandais\/wp-json\/wp\/v2\/media?parent=5332"}],"curies":[{"name":"wp","href":"https:\/\/api.w.org\/{rel}","templated":true}]}}